{"id":76,"date":"2012-06-19T12:12:44","date_gmt":"2012-06-19T12:12:44","guid":{"rendered":"http:\/\/taiyo.fi\/?page_id=76"},"modified":"2019-10-17T22:09:02","modified_gmt":"2019-10-17T20:09:02","slug":"nain-aanestat-vaaleissa","status":"publish","type":"page","link":"https:\/\/taiyo.fi\/sv\/edustajistovaalit\/nain-aanestat-vaaleissa\/","title":{"rendered":"N\u00e4in \u00e4\u00e4nest\u00e4t vaaleissa"},"content":{"rendered":"<p>Edustajistovaaleissa on \u00e4\u00e4nioikeus kaikilla Taideyliopistoon l\u00e4sn\u00e4olevaksi ilmoittautuneilla Taideyliopiston ylioppilaskunnan j\u00e4senill\u00e4. Ennakko\u00e4\u00e4nestys j\u00e4rjestet\u00e4\u00e4n torstaina 31.10., ja varsinaiset \u00e4\u00e4nestysp\u00e4iv\u00e4t ovat tiistai 5.11. ja keskiviikko 6.11. \u00c4\u00e4nest\u00e4minen on yksinkertaista: ota henkkarit mukaan ja mene \u00e4\u00e4nestyspaikalle omassa akatemiassasi, kirjoita \u00e4\u00e4nestyslappuun numero (ei muuta!) ja pudota se vaaliuurnaan. T\u00e4m\u00e4n j\u00e4lkeen voit viel\u00e4 saapua vaalivalvojaisiin (tarkempia tietoja my\u00f6hemmin) nauttimaan tunnelmasta ja ihmisist\u00e4.<\/p>\n<p>Jokaisen \u00e4\u00e4nestyspaikka m\u00e4\u00e4r\u00e4ytyy sen mukaan, miss\u00e4 akatemiassa tai yksik\u00f6ss\u00e4 h\u00e4nell\u00e4 on ensisijainen opinto-oikeus, ja \u00e4\u00e4nest\u00e4\u00e4 voi allaolevan jaottelun mukaisesti ainoastaan oman akatemiansa tai yksikk\u00f6ns\u00e4 \u00e4\u00e4nestyspaikassa. \u00c4\u00e4nestyspaikan vaihtoa voi pyyt\u00e4\u00e4 keskusvaalilautakunnalta l\u00e4hett\u00e4m\u00e4ll\u00e4 s\u00e4hk\u00f6postia osoitteeseen taiyo-paasihteeri (at) uniarts.fi viimeist\u00e4\u00e4n torstaihin 17.10.2019 klo 16.00 menness\u00e4.<\/p>\n<p><strong>Kuvataideakatemiassa<\/strong> ensisijaisesti opiskelevat voivat \u00e4\u00e4nest\u00e4\u00e4 seuraavasti:<br \/>\ntorstaina 31.10. klo 11\u201316\u00a0 \u00a0 \u00a0 \u00a0 \u00a0Kuvataideakatemia (Elim\u00e4enkatu 25\u201327, Helsinki)<br \/>\ntiistaina 5.11. klo 11\u201316\u00a0 \u00a0 \u00a0 \u00a0 \u00a0 \u00a0 \u00a0Kuvataideakatemia (Elim\u00e4enkatu 25\u201327, Helsinki)<br \/>\nkeskiviikkona 6.11. klo 11\u201318 \u00a0 \u00a0Kuvataideakatemia (Elim\u00e4enkatu 25\u201327, Helsinki).<\/p>\n<p><strong>Sibelius-Akatemiassa<\/strong> (poislukien Kuopion yksikk\u00f6) ensisijaisesti opiskelevat voivat \u00e4\u00e4nest\u00e4\u00e4 seuraavasti:<br \/>\ntorstaina 31.10. klo 11\u201316\u00a0 \u00a0 \u00a0 \u00a0 \u00a0N-talo (Nervanderinkatu 13, Helsinki)<br \/>\ntiistaina 5.11. klo 11\u201316\u00a0 \u00a0 \u00a0 \u00a0 \u00a0 \u00a0 \u00a0R-talo (Pohjoinen Rautatiekatu 9, Helsinki)<br \/>\nkeskiviikkona 6.11. klo 11\u201318 \u00a0 \u00a0M-talo (T\u00f6\u00f6l\u00f6nlahdenkatu 16 C, Helsinki).<\/p>\n<p><strong>Teatterikorkeakoulussa<\/strong> ensisijaisesti opiskelevat voivat \u00e4\u00e4nest\u00e4\u00e4 seuraavasti:<br \/>\ntorstaina 31.10. klo 11\u201316\u00a0 \u00a0 \u00a0 \u00a0 \u00a0Valo- ja \u00e4\u00e4nisuunnittelun laitos (Lintulahdenkatu 3, Helsinki)<br \/>\ntiistaina 5.11. klo 11\u201316\u00a0 \u00a0 \u00a0 \u00a0 \u00a0 \u00a0 \u00a0Teatterikorkeakoulu (Haapaniemenkatu 6, Helsinki)<br \/>\nkeskiviikkona 6.11. klo 11\u201318 \u00a0 \u00a0Teatterikorkeakoulu (Haapaniemenkatu 6, Helsinki).<\/p>\n<p><strong>Kuopion yksik\u00f6ss\u00e4<\/strong> opiskelevat Sibelius-Akatemian opiskelijat voivat \u00e4\u00e4nest\u00e4\u00e4 vain ennakko\u00e4\u00e4nestyksess\u00e4:<br \/>\ntorstaina 31.10. klo 11\u201316\u00a0 \u00a0 \u00a0 \u00a0 \u00a0Kuopion yksikk\u00f6 (Kuopionlahdenkatu 23 C, Kuopio).<\/p>\n<p><strong>Sein\u00e4joen yksik\u00f6ss\u00e4<\/strong> opiskelevat Sibelius-Akatemian opiskelijat sek\u00e4 perustellusta syyst\u00e4 opintojen vuoksi <strong>ulkomailla<\/strong> oleskelevat Taideyliopiston opiskelijat voivat halutessaan \u00e4\u00e4nest\u00e4\u00e4 uurnavaalin sijaan postitse kirjevaalilla. Kirjevaaliin on ilmoittauduttava s\u00e4hk\u00f6postitse osoitteeseen taiyo-paasihteeri (at) uniarts.fi viimeist\u00e4\u00e4n torstaina 17.10.2019 klo 16.00 menness\u00e4, ja kirjevaalin \u00e4\u00e4nten on oltava perill\u00e4 viimeist\u00e4\u00e4n tiistaina 5.11.2019 klo 18.00 menness\u00e4. Kirjevaaliin ilmoittautunut ei voi en\u00e4\u00e4 \u00e4\u00e4nest\u00e4\u00e4 uurnavaalissa.<\/p>\n<h4>Ket\u00e4 \u00e4\u00e4nest\u00e4\u00e4?<\/h4>\n<p><strong>Seuraavia asioita voi olla hyv\u00e4 mietti\u00e4 ehdokasta valitessa:<\/strong><\/p>\n<ol>\n<li><a title=\"Tietoa\u00a0edustajistotoiminnasta\" href=\"http:\/\/taiyo.fi\/sv\/edustajistovaalit\/tietoa-edustajistotoiminnasta\/\">Mit\u00e4 edustajisto tekee?<\/a><\/li>\n<li>Mit\u00e4 ylioppilaskunnan pit\u00e4isi mielest\u00e4ni tehd\u00e4?<\/li>\n<li>Mink\u00e4laisen tyypin haluaisin edustavan itse\u00e4ni edustajistossa?<\/li>\n<\/ol>\n<p><strong>Hyvi\u00e4 tapoja kartoittaa ehdokkaita on:<\/strong><\/p>\n<ol>\n<li>Kurkkaa <a href=\"https:\/\/taiyo.fi\/sv\/edustajistovaalit\/ehdokkaat\/\">ehdokassivulta<\/a> keit\u00e4 on ehdolla.<\/li>\n<li>Seuraa vaalimainontaa yliopistolla ja k\u00e4y juttelemassa ehdokkaille.<\/li>\n<li>T\u00e4yt\u00e4 vaalikone (l\u00f6ytyy ehdokassivulta 24.10.) ja vertaa mielipiteit\u00e4si ehdokkaiden vastauksiin.<\/li>\n<\/ol>","protected":false},"excerpt":{"rendered":"<p>Edustajistovaaleissa on \u00e4\u00e4nioikeus kaikilla Taideyliopistoon l\u00e4sn\u00e4olevaksi ilmoittautuneilla Taideyliopiston ylioppilaskunnan j\u00e4senill\u00e4. Ennakko\u00e4\u00e4nestys j\u00e4rjestet\u00e4\u00e4n torstaina 31.10., ja varsinaiset \u00e4\u00e4nestysp\u00e4iv\u00e4t ovat tiistai 5.11. ja keskiviikko [&hellip;]<\/p>\n","protected":false},"author":13,"featured_media":0,"parent":1342,"menu_order":40,"comment_status":"open","ping_status":"open","template":"","meta":{"_coblocks_attr":"","_coblocks_dimensions":"","_coblocks_responsive_height":"","_coblocks_accordion_ie_support":"","_crdt_document":"","advanced_seo_description":"","jetpack_seo_html_title":"","jetpack_seo_noindex":false,"footnotes":""},"class_list":["post-76","page","type-page","status-publish","hentry"],"jetpack_sharing_enabled":true,"jetpack_shortlink":"https:\/\/wp.me\/P2w00X-1e","jetpack_likes_enabled":true,"amp_enabled":true,"_links":{"self":[{"href":"https:\/\/taiyo.fi\/sv\/wp-json\/wp\/v2\/pages\/76","targetHints":{"allow":["GET"]}}],"collection":[{"href":"https:\/\/taiyo.fi\/sv\/wp-json\/wp\/v2\/pages"}],"about":[{"href":"https:\/\/taiyo.fi\/sv\/wp-json\/wp\/v2\/types\/page"}],"author":[{"embeddable":true,"href":"https:\/\/taiyo.fi\/sv\/wp-json\/wp\/v2\/users\/13"}],"replies":[{"embeddable":true,"href":"https:\/\/taiyo.fi\/sv\/wp-json\/wp\/v2\/comments?post=76"}],"version-history":[{"count":24,"href":"https:\/\/taiyo.fi\/sv\/wp-json\/wp\/v2\/pages\/76\/revisions"}],"predecessor-version":[{"id":6735,"href":"https:\/\/taiyo.fi\/sv\/wp-json\/wp\/v2\/pages\/76\/revisions\/6735"}],"up":[{"embeddable":true,"href":"https:\/\/taiyo.fi\/sv\/wp-json\/wp\/v2\/pages\/1342"}],"wp:attachment":[{"href":"https:\/\/taiyo.fi\/sv\/wp-json\/wp\/v2\/media?parent=76"}],"curies":[{"name":"wp","href":"https:\/\/api.w.org\/{rel}","templated":true}]}}

Näin äänestät vaaleissa

<p>Edustajistovaaleissa on äänioikeus kaikilla Taideyliopistoon läsnäolevaksi ilmoittautuneilla Taideyliopiston ylioppilaskunnan jäsenillä. Ennakkoäänestys järjestetään torstaina 31.10., ja varsinaiset äänestyspäivät ovat tiistai 5.11. ja keskiviikko 6.11. Äänestäminen on yksinkertaista: ota henkkarit mukaan ja mene äänestyspaikalle omassa akatemiassasi, kirjoita äänestyslappuun numero (ei muuta!) ja pudota se vaaliuurnaan. Tämän jälkeen voit vielä saapua vaalivalvojaisiin (tarkempia tietoja myöhemmin) nauttimaan tunnelmasta ja ihmisistä.</p>
<p>Jokaisen äänestyspaikka määräytyy sen mukaan, missä akatemiassa tai yksikössä hänellä on ensisijainen opinto-oikeus, ja äänestää voi allaolevan jaottelun mukaisesti ainoastaan oman akatemiansa tai yksikkönsä äänestyspaikassa. Äänestyspaikan vaihtoa voi pyytää keskusvaalilautakunnalta lähettämällä sähköpostia osoitteeseen taiyo-paasihteeri (at) uniarts.fi viimeistään torstaihin 17.10.2019 klo 16.00 mennessä.</p>
<p><strong>Kuvataideakatemiassa</strong> ensisijaisesti opiskelevat voivat äänestää seuraavasti:<br />
torstaina 31.10. klo 11–16         Kuvataideakatemia (Elimäenkatu 25–27, Helsinki)<br />
tiistaina 5.11. klo 11–16             Kuvataideakatemia (Elimäenkatu 25–27, Helsinki)<br />
keskiviikkona 6.11. klo 11–18    Kuvataideakatemia (Elimäenkatu 25–27, Helsinki).</p>
<p><strong>Sibelius-Akatemiassa</strong> (poislukien Kuopion yksikkö) ensisijaisesti opiskelevat voivat äänestää seuraavasti:<br />
torstaina 31.10. klo 11–16         N-talo (Nervanderinkatu 13, Helsinki)<br />
tiistaina 5.11. klo 11–16             R-talo (Pohjoinen Rautatiekatu 9, Helsinki)<br />
keskiviikkona 6.11. klo 11–18    M-talo (Töölönlahdenkatu 16 C, Helsinki).</p>
<p><strong>Teatterikorkeakoulussa</strong> ensisijaisesti opiskelevat voivat äänestää seuraavasti:<br />
torstaina 31.10. klo 11–16         Valo- ja äänisuunnittelun laitos (Lintulahdenkatu 3, Helsinki)<br />
tiistaina 5.11. klo 11–16             Teatterikorkeakoulu (Haapaniemenkatu 6, Helsinki)<br />
keskiviikkona 6.11. klo 11–18    Teatterikorkeakoulu (Haapaniemenkatu 6, Helsinki).</p>
<p><strong>Kuopion yksikössä</strong> opiskelevat Sibelius-Akatemian opiskelijat voivat äänestää vain ennakkoäänestyksessä:<br />
torstaina 31.10. klo 11–16         Kuopion yksikkö (Kuopionlahdenkatu 23 C, Kuopio).</p>
<p><strong>Seinäjoen yksikössä</strong> opiskelevat Sibelius-Akatemian opiskelijat sekä perustellusta syystä opintojen vuoksi <strong>ulkomailla</strong> oleskelevat Taideyliopiston opiskelijat voivat halutessaan äänestää uurnavaalin sijaan postitse kirjevaalilla. Kirjevaaliin on ilmoittauduttava sähköpostitse osoitteeseen taiyo-paasihteeri (at) uniarts.fi viimeistään torstaina 17.10.2019 klo 16.00 mennessä, ja kirjevaalin äänten on oltava perillä viimeistään tiistaina 5.11.2019 klo 18.00 mennessä. Kirjevaaliin ilmoittautunut ei voi enää äänestää uurnavaalissa.</p>
<h4>Ketä äänestää?</h4>
<p><strong>Seuraavia asioita voi olla hyvä miettiä ehdokasta valitessa:</strong></p>
<ol>
<li><a title="Tietoa edustajistotoiminnasta" href="http://taiyo.fi/sv/edustajistovaalit/tietoa-edustajistotoiminnasta/">Mitä edustajisto tekee?</a></li>
<li>Mitä ylioppilaskunnan pitäisi mielestäni tehdä?</li>
<li>Minkälaisen tyypin haluaisin edustavan itseäni edustajistossa?</li>
</ol>
<p><strong>Hyviä tapoja kartoittaa ehdokkaita on:</strong></p>
<ol>
<li>Kurkkaa <a href="https://taiyo.fi/sv/edustajistovaalit/ehdokkaat/">ehdokassivulta</a> keitä on ehdolla.</li>
<li>Seuraa vaalimainontaa yliopistolla ja käy juttelemassa ehdokkaille.</li>
<li>Täytä vaalikone (löytyy ehdokassivulta 24.10.) ja vertaa mielipiteitäsi ehdokkaiden vastauksiin.</li>
</ol>

<p>Edustajistovaaleissa on äänioikeus kaikilla Taideyliopistoon läsnäolevaksi ilmoittautuneilla Taideyliopiston ylioppilaskunnan jäsenillä. Ennakkoäänestys järjestetään torstaina 31.10., ja varsinaiset äänestyspäivät ovat tiistai 5.11. ja keskiviikko [&hellip;]</p>
